eatest common divisor of 14 and i?
7
Let b = -9 + 14. Let i = b + -3. Calculate the greatest common divisor of i and 22.
2
Let q be (-451)/(-7) - 60/140. What is the highest common divisor of q and 16?
16
Suppose 2*u = 5*n + 5, 2*u + 3*n - 7 = 6*n. Calculate the greatest common factor of u and 5.
5
Suppose -4 = 4*l, -o + 2*l + 5 = 7*l. What is the highest common factor of 110 and o?
10
Let l = -70 + 213. What is the greatest common factor of 13 and l?
13
Let p = -9 + 7. Let m be (p*6)/(-2) - -1. What is the greatest common factor of m and 21?
7
Let j be 158/16 + (-7)/(-56). What is the greatest common divisor of j and 2?
2
Suppose 0 = -3*r + 4*m + 586, -r + 53 = 5*m - 155. What is the highest common divisor of 18 and r?
18
Let k be (12 - 10) + -2 + 11. Calculate the highest common factor of 55 and k.
11
Suppose 3*z - 2*z = 11. Suppose -4*n - z = -43. Suppose 4*q - 233 = 55. What is the greatest common factor of n and q?
8
Let m be 1252/36 - (-8)/36. Calculate the highest common divisor of 14 and m.
7
Suppose -4*o - 74 = -2*w, 5*w - 120 = o + 47. Calculate the greatest common divisor of 44 and w.
11
Suppose -5*g + 236 = -4*l, 4*g + 5*l = 2*l + 164. Suppose -15*u = -10*u - 330. Calculate the greatest common divisor of g and u.
22
Let y(j) = -j**2 - 9*j - 7. Let z(t) = t + 1. Let u(v) = y(v) - 3*z(v). Let b be u(-8). Suppose -b = -q - q. What is the greatest common divisor of 77 and q?
11
Suppose s = 7 - 4. Let k be 8 - (3 + -2 - s). What is the greatest common divisor of k and 80?
10
Suppose -1 = -3*v + 11. Let i = v + 6. Calculate the greatest common divisor of 110 and i.
10
Let r be 16 + -2 - (0 + 0). Suppose -3*w + r = 3*x - 4, -2*x = w - 1. Calculate the highest common factor of 88 and w.
11
Suppose 4*g = 3*z + 5*g - 352, -g + 114 = z. Let t = z + -47. What is the greatest common divisor of 8 and t?
8
Let r(h) = h**2 - h + 1. Let v be r(-3). Calculate the highest common factor of 13 and v.
13
Suppose -4*s - 6 = z + 1, -5*s = 3*z - 7. Let q be ((-12)/5)/(z/(-60)). What is the highest common factor of q and 128?
16
Suppose -3*t = 2 - 32. Calculate the highest common divisor of t and 40.
10
Suppose -6*f - 19*f = -3400. What is the greatest common factor of 17 and f?
17
Suppose t = 2*y - 1, -5*t + 9 = -6. Suppose 3*h - 2870 = -y*h. Let c be 2/7 - h/(-49). Calculate the greatest common factor of 6 and c.
6
Let r = 38 - 19. What is the highest common divisor of r and 38?
19
Suppose -2*p = -215 - 45. What is the highest common factor of p and 52?
26
Let j be 1/((4/4)/16). Let q(a) = 16*a. Let f(d) = -d + 5. Let v be f(0). Let w be q(v). What is the highest common factor of j and w?
16
Suppose 19*x - 16*x = 135. Calculate the greatest common divisor of 15 and x.
15
Let j be 8/32 - 79/(-4). Suppose -4 = -4*q - j. Let l = q - -18. What is the greatest common factor of 98 and l?
14
Let b(j) be the third derivative of -j**6/60 - j**5/15 + j**3/3 - j**2. Let m be 1*(-18)/3 + 3. Let k be b(m). Calculate the highest common factor of k and 5.
5
Suppose -19 = -3*z - g, -g = 4*z - 4*g - 21. Calculate the highest common factor of 2 and z.
2
Let k be 0*(-1)/(-4)*-1. Let i be 4/4 + (k - -74). Calculate the highest common factor of i and 50.
25
Let k = 89 + -49. Calculate the highest common factor of k and 10.
10
Suppose 3*n + 14 = 5*n. What is the greatest common divisor of 28 and n?
7
Let j = -103 + 145. What is the greatest common factor of j and 6?
6
Let h = 22 - 18. Suppose 3 = 3*y - h*r, -5*y + 3 = -2*y - 2*r. Calculate the greatest common factor of y and 9.
1
Suppose 4*s = 3*z - 2, 0 = 2*z - 2*s - 0*s. Let b = z + 10. Let n = 3 - 2. Calculate the greatest common divisor of n and b.
1
Let z(k) = 4*k**2 - k - 1. Let d be z(-1). Let g be ((-66)/(-2))/(d/12). Calculate the greatest common divisor of 9 and g.
9
Let x(u) = -u**3 + 13*u**2 - 6*u + 6. Let d be x(5). Calculate the greatest common divisor of d and 16.
16
Let z(a) = 5*a**3 + a**2 - 2*a. Let o be z(2). Calculate the highest common divisor of o and 100.
20
Suppose 0 = -4*b + b + 6. Let z be (13/b)/((-1)/(-2)). Let o = z + -4. What is the highest common factor of o and 63?
9
Suppose 156 = 50*f - 46*f. Let i be ((-6)/(-18))/((-1)/(-78)). What is the greatest common factor of f and i?
13
Let w be 6 + -4 + (0 - -20). Calculate the highest common divisor of w and 66.
22
Suppose 0 = 2*q - q - 5*o - 64, 104 = q + 5*o. Calculate the highest common divisor of 28 and q.
28
Suppose -7*f - 630 = -12*f. Suppose -5*j + f = -4*r - 4, 70 = 2*j + 2*r. What is the greatest common divisor of j and 20?
10
Let f = 50 - 35. What is the greatest common factor of 3 and f?
3
Suppose -3*h + 5*f = -2, 0 = -6*h + 4*h + 3*f + 2. Suppose 4 = k - h. Calculate the greatest common factor of 64 and k.
8
Let f = -46 + 52. What is the greatest common factor of 48 and f?
6
Suppose -h + 5 - 34 = 0. Let s = h + 61. Let g = -4 + 12. What is the highest common factor of g and s?
8
Let g = -13 + 19. Suppose -q = 2*q - 6. Let h(o) = 6*o**3 - 2*o**2 + 2. Let k be h(q). Calculate the highest common factor of g and k.
6
Let b = 17 - 9. Let w(q) = q**2 - 4*q - 8. Let j be w(b). Let t = 24 - -36. Calculate the highest common factor of t and j.
12
Suppose -10*d + 335 + 385 = 0. Let w be 10/(-4)*(-18)/15. Let t be (-2 + w*-2)/(-1). What is the highest common divisor of t and d?
8
Let z(f) = f**2 - 2*f - 11. Let q be z(5). Calculate the highest common factor of 6 and q.
2
Let v = 379 + -224. Suppose -v = -5*k - 3*h, 0*h - 10 = -2*h. What is the greatest common factor of 56 and k?
28
Let a = -32 + 84. Let r = a + -27. Calculate the greatest common factor of 175 and r.
25
Let k(h) = 2*h + 1. Let i be k(6). Suppose 0 = -2*a + 119 + 11. What is the greatest common factor of i and a?
13
Let r(z) = -z**3 + 4*z**2 + 9*z + 4. Let c be r(5). What is the highest common factor of 168 and c?
24
Let y be 138/(-4)*56/(-12). Let a = y - 113. Let h(l) = 10*l - 8. Let t be h(4). What is the greatest common divisor of a and t?
16
Let g(m) = 4*m. Let v be g(1). Calculate the highest common divisor of 10 and v.
2
Let a be -714*((-2)/(-11) - (-15)/(-22)). Calculate the greatest common factor of 51 and a.
51
Let o = 709 + -691. Let j = -365 + 527. Calculate the highest common divisor of j and o.
18
Let r(t) = -17*t + 1. Let h be r(-1). What is the highest common factor of h and 198?
18
Suppose -3*p - 2*p = -80. Suppose 5*v = -b + 242, 3*v - 2*v - 2*b = 44. What is the greatest common divisor of v and p?
16
Suppose -3*f = -3*b - 45, b + 78 = 4*f + 3*b. Calculate the highest common factor of 18 and f.
18
Suppose -1 = -n + 3*f - 3, 2*f - 4 = -2*n. Let w be (1 + n/2)*8. Calculate the highest common divisor of 8 and w.
4
Suppose 0 = -0*r - 2*r + 40. What is the greatest common divisor of r and 8?
4
Let w = 297 + -105. Suppose -3*p = -7*p + w. Calculate the highest common factor of 32 and p.
16
Let i = 134 + -74. Suppose 0 = 2*n - 4*n - i. Let g = n - -72. Calculate the greatest common divisor of g and 6.
6
Let z = 105 + 71. What is the greatest common factor of z and 16?
16
Suppose 2*s + b = 115, 7*b = -4*s + 8*b + 221. Calculate the highest common divisor of s and 140.
28
Let q(t) = -t**2 + 10*t - 7. Let w(d) = 1 + d + 12 - 9. Let c be w(4). Let n be q(c). Calculate the greatest common divisor of 1 and n.
1
Suppose 5 + 5 = 4*n + 2*y, 0 = n + 5*y + 2. Suppose p = -n*p + 12. Suppose 0 = -5*w + 8 - p. Calculate the highest common factor of 5 and w.
1
Let s be 4/3*9/(-2). Let t be 4/s + 532/6. Calculate the greatest common factor of t and 8.
8
Suppose 1484 = -2*n + 9*n. Suppose -2*b - 136 = -i - i, 0 = 3*i + b - n. Let w be -2 + (-4)/(-2) - -14. Calculate the greatest common factor of w and i.
14
Suppose 1 + 3 = 2*r + 4*s, -4*r - 5*s = -11. Suppose n = r*i + 40, 0 = -n + 2*i - 9 + 49. What is the greatest common divisor of n and 4?
4
Let k = 147 - 140. Let m(l) = -5 + 3*l + 5*l**2 + l - 4*l**2. Let a be m(-6). Calculate the greatest common divisor of k and a.
7
Suppose -60 = 2*s - 4*s. Let o = -15 + s. What is the greatest common factor of o and 60?
15
Suppose 3*h + h = -4*r + 44, 4*h = 3*r - 5. Suppose -199 = -3*m + 11. Calculate the greatest common divisor of r and m.
7
Let v(m) = 4*m**2 + 7*m + 41. Let f be v(-6). Let l be ((-1)/3)/((-2)/78). What is the greatest common fac